
{"id":98,"date":"2023-07-02T14:15:05","date_gmt":"2023-07-02T12:15:05","guid":{"rendered":"https:\/\/handwerksquartier.de\/?page_id=98"},"modified":"2023-08-03T14:12:19","modified_gmt":"2023-08-03T12:12:19","slug":"beteiligung","status":"publish","type":"page","link":"https:\/\/handwerksquartier.de\/index.php\/beteiligung\/","title":{"rendered":"Beteiligung"},"content":{"rendered":"<h5 style=\"text-align: center;\">Sie suchen einen stillen Teilhaber f\u00fcr ein interessantes\u00a0 Gesch\u00e4ftskonzept ?<\/h5>\n<h5 style=\"text-align: center;\">Stellen Sie ihr Konzept mit einem aussagekr\u00e4ftigem Expose vor oder vereinbaren sie einen Gespr\u00e4chstermin.<\/h5>\n<p>&nbsp;<\/p>\n","protected":false},"excerpt":{"rendered":"<p>Sie suchen einen stillen Teilhaber f\u00fcr ein interessantes\u00a0 Gesch\u00e4ftskonzept ? Stellen Sie ihr Konzept mit einem aussagekr\u00e4ftigem Expose vor oder vereinbaren sie einen Gespr\u00e4chstermin. &nbsp;<\/p>\n","protected":false},"author":3,"featured_media":0,"parent":0,"menu_order":0,"comment_status":"closed","ping_status":"closed","template":"","meta":[],"_links":{"self":[{"href":"https:\/\/handwerksquartier.de\/index.php\/wp-json\/wp\/v2\/pages\/98"}],"collection":[{"href":"https:\/\/handwerksquartier.de\/index.php\/wp-json\/wp\/v2\/pages"}],"about":[{"href":"https:\/\/handwerksquartier.de\/index.php\/wp-json\/wp\/v2\/types\/page"}],"author":[{"embeddable":true,"href":"https:\/\/handwerksquartier.de\/index.php\/wp-json\/wp\/v2\/users\/3"}],"replies":[{"embeddable":true,"href":"https:\/\/handwerksquartier.de\/index.php\/wp-json\/wp\/v2\/comments?post=98"}],"version-history":[{"count":3,"href":"https:\/\/handwerksquartier.de\/index.php\/wp-json\/wp\/v2\/pages\/98\/revisions"}],"predecessor-version":[{"id":133,"href":"https:\/\/handwerksquartier.de\/index.php\/wp-json\/wp\/v2\/pages\/98\/revisions\/133"}],"wp:attachment":[{"href":"https:\/\/handwerksquartier.de\/index.php\/wp-json\/wp\/v2\/media?parent=98"}],"curies":[{"name":"wp","href":"https:\/\/api.w.org\/{rel}","templated":true}]}}